 4 + 24. List the prime factors of u.
7
Suppose -192 = 7*p - 9*p. List the prime factors of p.
2, 3
Suppose -7*h = -12*h + 95. What are the prime factors of h?
19
What are the prime factors of ((-6)/8)/((-18)/12)*206?
103
Let z = 7 + -9. Let y(a) = a**2 + 1. List the prime factors of y(z).
5
Let l = 47 + 132. What are the prime factors of l?
179
Let j(y) = 2 + 1 + y**2 - 7 - 6*y. Let d be j(6). List the prime factors of ((-1)/2)/(d/96).
2, 3
Let z(t) = -7*t**3 + 5*t**2 - 8*t + 6. Let b(l) = -13*l**3 + 10*l**2 - 15*l + 11. Let p(w) = 6*b(w) - 11*z(w). List the prime factors of p(3).
2, 3
Let o be 54/8 - (-3)/12. Let s be (-2)/o - 48/(-21). List the prime factors of -3*(-4 - (-1 + s)).
3, 5
Suppose 0 = -2*r + r + 8. Suppose -5*l = -17 - r. Suppose -9 - 51 = -l*i. List the prime factors of i.
2, 3
Let u(z) = -z**2 - 2*z - 8. Let h(r) = -1. Let q(b) = 4*h(b) - u(b). Let o be 1/2 + (-28)/8. What are the prime factors of q(o)?
7
Let j = -10 - -14. Let u be (-12)/10*5/(-3). Let h = u + j. What are the prime factors of h?
2, 3
Let h = -43 + 76. Let c = h - 20. List the prime factors of c.
13
List the prime factors of -28*(-20)/8 + (0 - 1).
3, 23
Let b be (-1)/(-2)*8/4. Suppose -3*q - q + f + 73 = 0, b = -f. List the prime factors of q.
2, 3
Suppose 3*x = -x + 2*w + 1540, -5*x + 4*w + 1931 = 0. What are the prime factors of x?
383
Let s = -53 + 82. List the prime factors of s.
29
Let p be (-30)/(-12)*(-4)/(-5). Suppose -2*m - 3*r = -36, -36 = -p*m + r + r. What are the prime factors of m?
2, 3
Let s(f) = f - 1. Let r(u) = -4. Let q(v) = -1. Let i(n) = 9*q(n) - 2*r(n). Let d(l) = 2*i(l) - 3*s(l). List the prime factors of d(-3).
2, 5
Let s be (-2)/(-7) - 145/(-7). List the prime factors of s/(-6)*-4*1.
2, 7
Suppose 3*m + 111 = 420. What are the prime factors of m?
103
Let p(x) = x + 1. Let u be p(4). Suppose -24 = -u*h + 2*h. What are the prime factors of h?
2
Let m(x) = 4*x**3 - 5*x**2 + 13*x. Let n(d) = -6*d**3 + 8*d**2 - 19*d. Let i(c) = -7*m(c) - 5*n(c). What are the prime factors of i(3)?
3, 7
Let b(p) = p - 5. Suppose -5*q - 4 = v, 11 = -3*v + q - 1. Let s be b(v). Let w = s + 32. List the prime factors of w.
23
Let o = 27 + -15. Let x = o - 6. What are the prime factors of x?
2, 3
Let o be (66 + 0)*3/6. Let c = o + -22. What are the prime factors of c?
11
Let i = -114 - -195. List the prime factors of i.
3
Suppose -2*t + 227 = -0*t - 5*s, 3*s = -4*t + 441. What are the prime factors of t?
3, 37
Let b = 261 - 152. List the prime factors of b.
109
Let c(s) = s + 5. Let h be c(-4). Suppose h = w - 9. What are the prime factors of w?
2, 5
Let m(n) = n**2 - 8*n - 21. What are the prime factors of m(12)?
3
Suppose -16 = -2*m - p - p, -5 = 2*m - 5*p. Suppose -z - 4*k + 7 = 0, k = -z + m*z - 45. List the prime factors of z.
11
Let b(a) = -2*a**3 - 2*a**2 - 2*a - 1. Let t be b(-1). Let l = 0 - t. Let p = l - -3. List the prime factors of p.
2
Let v(l) = 196*l**2 + 2*l - 1. What are the prime factors of v(-1)?
193
Let p = 12 + -6. Suppose 0 = p*g - 4*g - 38. List the prime factors of g.
19
Suppose -2*w = 3*w - 3*l - 10, -20 = -3*w - l. Suppose -33 = -4*j - w*r, 0 = 4*j - r - 1 - 2. What are the prime factors of j?
2
Let h = -4 + 4. Suppose -15 = -3*v, -5*z + h*z + v - 10 = 0. Let c = 8 + z. What are the prime factors of c?
7
Let u be ((-6)/(-2))/(4/28). Let j = 31 - u. List the prime factors of j.
2, 5
Let o(n) = -n**3 + 7*n**2 - 2. Let m be o(7). What are the prime factors of m/9 + (-310)/(-18)?
17
Suppose 4*w - 14 - 2 = 0. Suppose -k = -w*r + 143, 3*k - 23 = -r - k. List the prime factors of r.
5, 7
List the prime factors of (-8)/(-14) + (-880)/(-28).
2
What are the prime factors of 0 + -4*-1*6?
2, 3
Let r(b) be the third derivative of -b**5/60 - 13*b**4/24 + 13*b**3/6 - 6*b**2. What are the prime factors of r(-12)?
5
Let u(b) = b + 15. List the prime factors of u(0).
3, 5
Suppose 0 = -5*w + 9*w - 584. What are the prime factors of w?
2, 73
Suppose r - 81 = -7*c + 3*c, 4*c = -2*r + 150. List the prime factors of r.
3, 23
Suppose 0 = 2*r - 5*c + 18, 0*c - 21 = -r - 5*c. Let x(q) = q**2 + 6*q - 7. Let z be x(-5). Let d = r - z. What are the prime factors of d?
13
Let i = -117 - -182. Suppose -5*l - i = -5*w, 2*w - 2*l - 41 = 3*l. What are the prime factors of w?
2
Let j = 51 + 51. List the prime factors of j/(-4)*2/(-3).
17
Let i(j) = 3*j**3 - 3*j**2. Let a be i(2). Let t = 16 - a. What are the prime factors of t?
2
Let t(d) = 2*d**2. What are the prime factors of t(-1)?
2
Suppose -3*l - 1 = -4*l - p, -p - 2 = 0. Let b be -1 + 0 + 3 + 5. Let c = b - l. List the prime factors of c.
2
Suppose -5*p + p - 20 = 0. Let l(j) = -j**3 - 3*j**2 + 7*j - 1. Let k be l(p). What are the prime factors of 122/k + 4/14?
3
Let d be (-4)/18 + 34/(-9). Let p be (d/5)/(4/(-10)). List the prime factors of (p - 0)*(-26)/(-4).
13
Let f(d) = d**3 - 5*d**2 - 1. Let o be f(5). Let t(v) = -v**2 - v + 2. Let q be t(2). Let y = o - q. List the prime factors of y.
3
Suppose -5*g = -6 - 19. Suppose -g*m + 3 = -4*l, 4*m = -4*l + 3*l + 15. List the prime factors of l.
3
Let d = 8 - -7. Suppose t - 3*h = -h + 15, -4*t - h + d = 0. What are the prime factors of t?
5
Let x = 7 - -12. List the prime factors of x.
19
Suppose -m - 3 = -i, 5*m - 8 = -5*i - 3. What are the prime factors of i + (0 - (-12)/1)?
2, 7
Let l(d) = 2*d**2 + 2*d - 1. Suppose f = 4*w - 2*f + 6, 5*f - 10 = -w. Suppose i - 5*o - 21 = 5, w = -o - 5. What are the prime factors of l(i)?
3
Let o(g) = -g**3 - 9*g**2 - 7*g + 10. Let p be o(-8). Let y be (14 - -1)/3 - p. Suppose -2*t + 3*t - 18 = s, 5*t + y*s = 90. List the prime factors of t.
2, 3
List the prime factors of 2/5 + 10813/55.
197
Let u = 0 - 9. List the prime factors of -6*6/u - 1.
3
Let b = 225 - 97. What are the prime factors of b?
2
Suppose 0 - 6 = -2*m - 4*k, 0 = 5*m - 5*k - 15. Suppose m*y - 6 = 4*b, 3*b + 6 = 3*y - 0. Suppose h + 5 = y*h. List the prime factors of h.
5
Let f = -107 + 207. What are the prime factors of f?
2, 5
Suppose -i - 47 = 3*l - 16, -3*l = 2*i + 65. Let a = 52 + i. List the prime factors of a.
2, 3
Let o(k) = -k**2 - 12*k + 17. Let b be o(-13). Suppose w = 1 - b. What are the prime factors of 3 + w + 2 + 5?
7
Suppose -2*m - 368 = -6*i + 3*i, i + m - 116 = 0. What are the prime factors of i?
2, 3, 5
Let g = -4 + 8. Let w(b) = 3*b**2 - 2*b**2 + 1 - g*b + 0*b**2. List the prime factors of w(6).
13
Suppose 0 = -3*p + 3*g + g + 25, -4*g + 19 = p. Suppose 0 = -k - 8 + p. What are the prime factors of k?
3
Suppose 3*l = -0*z - 2*z + 16, 3*l - 2*z - 20 = 0. Suppose -l = g - 2*g. What are the prime factors of g?
2, 3
Suppose 0 = 5*b - 5 - 15, 4*r - b = 364. What are the prime factors of r?
2, 23
Suppose 3*c = 3*l, 0 = 4*c - l - 5 - 1. Suppose 0 = z - 2*z - c*s + 5, -z + 3*s = 0. What are the prime factors of z?
3
Let x = 1 - 1. Suppose x = -4*a + 6 + 2. List the prime factors of 10 + -2 + 0 + a.
2, 5
Let a = 24 + -14. Let o be 1/2*1*a. List the prime factors of o*(-2 + 57/15).
3
Suppose 1 = -i - 1. List the prime factors of 15/(-2)*i/1.
3, 5
Suppose -2*w + 7 = -3*l, 4*l + 6 = l + 3*w. Let c(y) = -5*y + 1. Let s be c(l). Let x = 29 - s. List the prime factors of x.
13
Suppose 9*k - 236 = 646. What are the prime factors of k?
2, 7
Suppose -3*t - 9 = -3*x, -5*x + 14 + 11 = 5*t. Let f(w) = -13*w**2 - x*w + 14*w**2 + 2 + 3. List the prime factors of f(5).
2, 5
Let c(o) = -o**3 - 3*o**2 + 6*o - 7. Let r = 10 + -15. What are the prime factors of c(r)?
13
Let h(z) be the first derivative of 17*z**4/4 + z**3/3 + z**2/2 - z + 5. List the prime factors of h(1).
2, 3
Suppose 2*l + v + 2 = 4, -2*l + v = -2. Let b = 7 + l. Let g = 16 - b. List the prime factors of g.
2
Let z be (-6)/((10/12)/(-5)). What are the prime factors of (-6)/(-27) - (-712)/z?
2, 5
Let l(a) = -a + 2. Let v be (-14)/35 - 23/5. What are the prime factors of l(v)?
7
Let s(q) = q**2 + q - 7. Suppose -3*z - 2*r = 2*z + 33, 3*r = -12. List the prime factors of s(z).
13
Suppose 2*h + 40 = 7*h. Let t = h - 1. Let u = 9 - t. List the prime factors of u.
2
What are the prime factors of (3 + 20)*3 - 1?
2, 17
Suppose 4*r = 5*n + 90, -n - 2*n + 5*r = 54. Let x = n - -12. Let a = -1 - x. What are the prime factors of a?
5
Suppose m - 2*k = 94, 0 = -m - 2*k + 163 - 53. List the prime factors of m.
2, 